 z. Does 15 divide g?
True
Let j = 8 + -8. Suppose j = -4*w - 2*g + 276, 170 = 2*w - 3*g + 24. Is 18 a factor of w?
False
Let t be 1*20 + -4 + 4. Let l be (-1)/1*(-4)/2. Suppose -l*n + t = -n. Is n a multiple of 13?
False
Let a = -60 - -94. Is a a multiple of 11?
False
Let j be ((-8 - -2) + -2)/(-2). Let o = -1 + j. Suppose -o*b - 13 + 91 = 0. Is b a multiple of 13?
True
Suppose 5*c + 5 = -0*c. Let q = c + 9. Does 3 divide q?
False
Let z(c) = c**2 + 3*c - 2. Let g be z(-4). Suppose g*j = 50 + 40. Is j a multiple of 15?
True
Suppose 3*l = 4*l - 15. Let j = l - 3. Does 6 divide j?
True
Let v = 23 + 47. Is v a multiple of 14?
True
Let w = -176 + 321. Suppose 4*i - w = -i. Let c = i - -5. Is 17 a factor of c?
True
Let v(q) = 9*q**2 + q - 12. Let m(d) = 5*d**2 - 6. Let a(u) = -7*m(u) + 4*v(u). Is 3 a factor of a(-6)?
True
Does 34 divide (28 - -6)*(-14)/(-4)?
False
Let c = -21 + 30. Does 9 divide c?
True
Let z(i) = 4*i**3 - i - 3. Let n be z(3). Suppose -3*p + 0*p + n = 0. Does 17 divide p?
True
Suppose -2*m - 1 = 3*g - 0*m, -3*m = -3*g + 24. Suppose g*t + l - 48 = 0, -2*l - 3*l + 64 = 4*t. Is 5 a factor of t?
False
Let n = 39 - -22. Is 11 a factor of n?
False
Let d(b) = -b**3 - 2*b + 64. Is d(0) a multiple of 32?
True
Suppose 35 = 3*i - s, -5*i - 4*s - s + 25 = 0. Suppose -i = -t + 8. Is t a multiple of 18?
True
Suppose 0*s - 2*s = -p - 9, 5*s - 25 = 5*p. Suppose -4*x - 2*m = -8, -4*x + 2*x = 3*m. Suppose -5*t - 2*l = -86 + 13, 0 = -x*t - s*l + 41. Does 9 divide t?
False
Let d be (-2)/(-2)*1*-2. Is 21 + 2 + (d - 3) a multiple of 10?
False
Let s = -9 - -9. Suppose q = 4*m - s*q - 10, -1 = -m + q. Does 2 divide m?
False
Suppose 5*b = 3*b. Suppose b = -2*w + 4*w - 10. Suppose 2 = -x, w*v - v - 2*x = 228. Does 19 divide v?
False
Let z = -5 + -1. Is (-315)/(-10) - z/4 a multiple of 11?
True
Is (2 - 1)/((-749)/189 - -4) a multiple of 15?
False
Let h = -89 + 133. Is h a multiple of 11?
True
Let h = -1 + -1. Is 78/6*(-2)/h a multiple of 13?
True
Suppose -5*y - 39 = -339. Is y a multiple of 15?
True
Suppose -3*b - 4*u = -19, -b - 4*u = 4*b - 21. Is 58 + 0/(2 + b) a multiple of 18?
False
Let k(t) = 9*t**2 + 4*t. Let j be k(4). Is 15 a factor of (j/(-5))/((-1)/1)?
False
Suppose -2*z - 7 = -1, -4*j = 2*z - 638. Suppose -3*l = 23 - j. Does 23 divide l?
True
Does 7 divide 40/140 - (-682)/14?
True
Suppose 2 = -2*w + 8. Is 5 a factor of 144/10 - w/(-5)?
True
Let v be (-1 - -1) + 1 + 14. Suppose 2*r = 7*r - 130. Let b = r - v. Does 11 divide b?
True
Suppose -12 = 3*d - 3. Let x be -5*(d - (-3 + 1)). Suppose 5 = b + 3, -3*s = x*b - 31. Does 2 divide s?
False
Suppose -3*b = -4*t + 26, 0 = t + 1. Is 400/4*(-4)/b a multiple of 10?
True
Let z = 243 - 342. Let a = -71 - z. Is 14 a factor of a?
True
Suppose 334 = 3*q - 4*n, -q - 4*n + 90 = -0*n. Is q a multiple of 13?
False
Suppose 84 = 2*a + 2*p + 2*p, 166 = 3*a - 4*p. Let v(d) = 24*d**3 + d**2 + 2*d + 1. Let h be v(-1). Let u = a + h. Is 13 a factor of u?
True
Let o = 91 + 82. Suppose 4*i - o = -13. Does 8 divide i?
True
Let y(g) = g**3 - g**2 - 3*g + 1. Does 5 divide y(3)?
True
Let r be (-1)/(-2) - (-9)/2. Suppose -y - 4*q = -2*y - 3, -4*y + 4*q + 24 = 0. Let d = y - r. Does 4 divide d?
True
Suppose -g - 16 = -5*g. Let z = 7 - g. Suppose -6*f = -5*s - 4*f + 96, 0 = 3*s + z*f - 45. Does 11 divide s?
False
Let h = 25 + -20. Suppose 5*d = h + 180. Is d a multiple of 16?
False
Let y = -35 - -53. Is 6 a factor of y?
True
Is (-54)/72 + (-179)/(-4) a multiple of 11?
True
Let j(y) = -y**2 - 6*y - 1. Let z be j(-5). Does 27 divide 25 + 1 + -3 + z?
True
Suppose -2*k = 10, -3*f + k + k + 151 = 0. Suppose -2*d + f = h + 2*h, -2*h - 2*d + 32 = 0. Does 15 divide h?
True
Suppose -5*u + 30 = -3*u. Let i be u/6*(-8)/(-10). Is -4*(i + (-63)/12) a multiple of 9?
False
Let h be (9 - 1)/((-9)/18). Let q = 37 + h. Is q a multiple of 9?
False
Does 16 divide (-635)/(-5) - 2 - (-3)/1?
True
Let o = -364 + 577. Is o a multiple of 19?
False
Let n = 37 + 30. Does 17 divide n?
False
Is (33/(-6))/(1 + 15/(-12)) a multiple of 11?
True
Let a(z) = -z - 3. Let i be a(-6). Suppose -i*c + 14 + 64 = 0. Does 9 divide c?
False
Let u(a) = 3*a**2 - 13*a + 8. Does 9 divide u(5)?
True
Let p be (-3 - 0)/(9/(-6)). Is 24 + -1 + p + 0 a multiple of 11?
False
Does 23 divide 4/10 - ((-1596)/35 - 0)?
True
Suppose 2*a = -2*t + 6, 0*a + 3*t - 3 = -2*a. Suppose a*i - 2*i = 2*s + 196, -3*i = -5*s - 161. Is i a multiple of 14?
False
Suppose -4*c = 11 - 31. Does 5 divide c?
True
Let y(x) = -14*x**2 - 1. Let q be y(2). Let f = q - -99. Does 11 divide f?
False
Suppose 2 = -4*a + 4*f + 6, -3*a - 3*f = 15. Let o be a + (-2)/2 + 8. Suppose 4*h + h = -5*i + 215, -3*h + 121 = -o*i. Does 25 divide h?
False
Let c = 127 - 61. Is c a multiple of 11?
True
Let o(n) = -8*n**3 - 1. Let z be o(1). Let q(s) = s**2 + 5*s + 1. Is 23 a factor of q(z)?
False
Is 542/3 - 2/3 a multiple of 25?
False
Suppose -4*y = 5*x + 9125, 0*x - 2*y = 4*x + 7300. Does 17 divide x/(-55) - 2/11?
False
Let a(b) = 2*b**2 + 2*b - 2. Let y be a(-2). Suppose 18 = y*z - 0. Suppose 0 = 2*d - 9 - z. Does 9 divide d?
True
Let g be (-2)/(-4)*(169 - 3). Suppose 5*h = -0*p + p + g, 1 = h + 5*p. Is h a multiple of 4?
True
Suppose -39*r = -44*r + 1155. Is 10 a factor of r?
False
Let t(d) = d**3 + 6*d**2 - 10*d - 8. Suppose -16 = -5*p + 9. Suppose 2*v + 2*m + p = -11, 5*v + 3*m = -38. Does 13 divide t(v)?
True
Let z(g) = g**3 - 8*g**2 - 6*g + 9. Let w be z(8). Let d = 15 + w. Is (-2)/5 + d/(-10) a multiple of 2?
True
Suppose 0 = -3*k + 3, -4*a + 2*k = 4*k - 154. Does 19 divide a?
True
Suppose -b = -2*b - g, -5*b = 4*g. Let d be ((b + 0)*1)/(-3). Suppose -2*k - 2*y + 24 = d, 60 = 3*k - 2*y - y. Is 13 a factor of k?
False
Let b(h) = 16*h + 1. Let y be b(1). Suppose -m - 2*g + y = -26, -4*g - 215 = -5*m. Let s = -30 + m. Does 8 divide s?
False
Suppose 0 = -15*p - 3*p + 882. Does 49 divide p?
True
Suppose -6*n = -4*n - 162. Is 9 a factor of n?
True
Let r(f) = f**2 - f - 1. Let s(o) = 4*o**2 - 7*o - 6. Let a = -3 - 0. Let l(d) = a*r(d) + s(d). Is 9 a factor of l(-3)?
True
Let a be (-2)/((-2)/3)*1. Let d be 4/10 - 6/15. Suppose d = -4*g - a*f + 48, -6*f - 60 = -5*g - 3*f. Is 6 a factor of g?
True
Suppose 0 = n - 2*d + 4, -4*n + 2*n = d + 18. Let r = n + 30. Is r a multiple of 22?
True
Is 2 a factor of 0/(-7) + (-2 - -47)?
False
Let b be (1 - 0 - -99) + 1. Suppose -b - 271 = -4*a. Is 13 a factor of a?
False
Suppose r + 417 = 3*i, -i + 63 = -2*r - 81. Does 23 divide i?
True
Let l(r) = -r**2 + 0*r + 0*r + 6 + 4*r + 0*r. Let o be l(9). Is (10/15)/((-2)/o) a multiple of 11?
False
Let y(m) = 54*m - 4. Let k(r) = r - 1. Suppose u - 3*x + 7 = 0, -2*x + 8 = -u - 3*u. Let f(t) = u*y(t) + 5*k(t). Does 16 divide f(-1)?
True
Suppose 4*p = -8 + 24. Suppose 2*r + 46 = p*i, 0*i - r = -3*i + 32. Let a(f) = -f**2 + 9*f + 13. Does 13 divide a(i)?
True
Suppose -25*m = -28*m + 360. Does 31 divide m?
False
Let y(n) = -n**3 - n**2 - n + 6. Let b be y(0). Suppose -b*a = -8*a + 128. Is a a multiple of 32?
True
Let u = 6 + 4. Does 4 divide u?
False
Does 35 divide (0 - 1) + (12 - -31)?
False
Is (10/(-8))/(5/(-560)) a multiple of 35?
True
Let i(c) = 5*c + 22. Let y be i(-9). Let x = 29 - y. Is x a multiple of 15?
False
Let r = 1 - -2. Let l(w) = 4*w - 2. Let f be l(r). Does 6 divide 15*((-16)/f - -2)?
True
Let l = 6 - 5. Let v = 4 - l. Suppose -v*u - 4*y - 3 = -58, 0 = 5*y - 5. Is 6 a factor of u?
False
Suppose 9*r - 11*r = -132. Does 12 divide r?
False
Let z(j) = -j**2 - 10*j - 5. Let i be z(-9). Suppose f - 2*y = 12, 8 = 2*y - i*y. Is 5 a factor of (f + -2)*1 + 3?
True
Let s be ((-9)/(-6))/((-15)/10). Is (-228)/(-3 + s) - 3 a multiple of 27?
True
Let s be ((-162)/(-7))/(8/56). Suppose 4*m = 2 + s. Is 15 a factor of m?
False
Let r = -2 + 7. Let l = -3 + r. Suppose -3*o - l*o + 170 = 0. Is o a multiple of 17?
True
Let h = 132 + -79. Suppose 4*z - w - h = 0, -3*w - 42 = -7*z + 4*z. Is 13 a factor of z?
True
Is 16 a factor of (-3)/(-15) + 1813/35?
False
Suppose -3*j = 3*w - 8 - 1, -2*j - 1 = -5*w. Is 10/(-20)*(-76)/j a multiple of 5?
False
Let w be (9 + -1)/(-5 + 7). Let q be w/3 + (-8)/(-12). Is 7 a factor of q + 13 + 0 + -1?
True
Let g be (-7)/(2/2 - 0). Is 200/7 + (-3)/g a multiple of 21?
False
Let j be -68*((-15)/(-6) - 2). Let p = 61 + j. Is p a multiple